{"id":17,"date":"2015-03-27T13:03:55","date_gmt":"2015-03-27T12:03:55","guid":{"rendered":"http:\/\/joocool.com\/wp3\/?page_id=17"},"modified":"2020-09-25T14:35:26","modified_gmt":"2020-09-25T12:35:26","slug":"tarifs","status":"publish","type":"page","link":"https:\/\/wrm.ntx-research.com\/index.php\/tarifs\/","title":{"rendered":"Tarif de Win RGPD Manager"},"content":{"rendered":"<p>Le logiciel\u00a0<strong>Win RGPD Manager<\/strong> est disponible en monoposte sous Windows, en licence d&rsquo;exploitation mensuelle.<\/p>\n<p>Choisissez le tarif qui correspond \u00e0 votre profil :<\/p>\n<p>1 &#8211; Vous \u00eates consultant\/formateur en RGPD et\/ou DPO professionnel : 400 \u20ac HT par mois (licence multi-clients), hors frais d\u2019installation*<\/p>\n<p>2 &#8211; Vous \u00eates une PME (50-250 salari\u00e9s) : 250 \u20ac HT\/mois, hors frais d\u2019installation*, dur\u00e9e minimum de 12 mois.<\/p>\n<p>3 &#8211; Vous \u00eates une TPE (10-49 salari\u00e9s) : 200 \u20ac HT\/mois, hors frais d\u2019installation*, dur\u00e9e minimum de 12 mois.<\/p>\n<p>4 &#8211; Vous \u00eates une micro-entreprise (0-9 salari\u00e9s) : 150 \u20ac HT\/mois, hors frais d\u2019installation*, dur\u00e9e minimum de 12 mois.<\/p>\n<p>Ce tarif inclus les mises \u00e0 jour du logiciel.<\/p>\n<p>* Forfait d&rsquo;installation, de param\u00e9trage et d\u2019assistance \u00e0 la prise en main (1 journ\u00e9e) : 600\u00a0\u20ac\u00a0HT, hors frais de d\u00e9placement.<\/p>\n<p>Pour encore plus d\u2019efficacit\u00e9, des journ\u00e9es de personnalisation du logiciel ou de formation avanc\u00e9e sont propos\u00e9es au prix unitaire de 600\u00a0\u20ac\u00a0HT, hors frais de d\u00e9placement.<\/p>\n<p>Pour plus d&rsquo;information et pour obtenir un devis d\u00e9taill\u00e9, <a href=\"https:\/\/wrm.ntx-research.com\/index.php\/contact\/\">contactez-nous<\/a>.<\/p>\n<p><img decoding=\"async\" class=\"aligncenter wp-image-643 size-full\" src=\"https:\/\/wrm.ntx-research.com\/wp-content\/uploads\/2019\/02\/WRM_logo_blason_150x150.png\" alt=\"\" width=\"150\" height=\"150\" srcset=\"https:\/\/wrm.ntx-research.com\/wp-content\/uploads\/2019\/02\/WRM_logo_blason_150x150.png 150w, https:\/\/wrm.ntx-research.com\/wp-content\/uploads\/2019\/02\/WRM_logo_blason_150x150-100x100.png 100w\" sizes=\"(max-width: 150px) 100vw, 150px\" \/><\/p>\n","protected":false},"excerpt":{"rendered":"<p>Le logiciel\u00a0Win RGPD Manager est disponible en monoposte sous Windows, en licence d&rsquo;exploitation mensuelle. Choisissez le tarif qui correspond \u00e0 votre profil : 1 &#8211; Vous \u00eates consultant\/formateur en RGPD et\/ou DPO professionnel : 400 \u20ac HT par mois (licence multi-clients), hors frais d\u2019installation* 2 &#8211; Vous \u00eates une PME (50-250 salari\u00e9s) : 250 \u20ac [&hellip;]<\/p>\n","protected":false},"author":1,"featured_media":0,"parent":0,"menu_order":0,"comment_status":"closed","ping_status":"closed","template":"","meta":{"_vp_format_video_url":"","_vp_image_focal_point":[],"footnotes":""},"class_list":["post-17","page","type-page","status-publish","hentry"],"aioseo_notices":[],"_links":{"self":[{"href":"https:\/\/wrm.ntx-research.com\/index.php\/wp-json\/wp\/v2\/pages\/17","targetHints":{"allow":["GET"]}}],"collection":[{"href":"https:\/\/wrm.ntx-research.com\/index.php\/wp-json\/wp\/v2\/pages"}],"about":[{"href":"https:\/\/wrm.ntx-research.com\/index.php\/wp-json\/wp\/v2\/types\/page"}],"author":[{"embeddable":true,"href":"https:\/\/wrm.ntx-research.com\/index.php\/wp-json\/wp\/v2\/users\/1"}],"replies":[{"embeddable":true,"href":"https:\/\/wrm.ntx-research.com\/index.php\/wp-json\/wp\/v2\/comments?post=17"}],"version-history":[{"count":7,"href":"https:\/\/wrm.ntx-research.com\/index.php\/wp-json\/wp\/v2\/pages\/17\/revisions"}],"predecessor-version":[{"id":732,"href":"https:\/\/wrm.ntx-research.com\/index.php\/wp-json\/wp\/v2\/pages\/17\/revisions\/732"}],"wp:attachment":[{"href":"https:\/\/wrm.ntx-research.com\/index.php\/wp-json\/wp\/v2\/media?parent=17"}],"curies":[{"name":"wp","href":"https:\/\/api.w.org\/{rel}","templated":true}]}}